?
False
Is 4313722313 prime?
True
Is 302631283067 composite?
False
Is 62670012789 a composite number?
True
Is 33332363 a composite number?
False
Is 485940787 composite?
True
Is 58281145157 prime?
True
Is 618672221 a composite number?
False
Is 220478431 a prime number?
False
Is 151162747 a composite number?
False
Is 1234056541 prime?
True
Is 665935661 a composite number?
False
Is 323674789 a prime number?
False
Is 139277695499 prime?
False
Is 162189098209 a composite number?
False
Is 869173421 prime?
True
Is 395205761 prime?
False
Is 2761991951 composite?
True
Is 8074385981 a composite number?
False
Is 69557134937 a prime number?
True
Is 558107669 a prime number?
False
Is 87739031567 composite?
True
Is 33359156527 prime?
True
Is 17560902553 composite?
True
Is 1594648243 prime?
True
Is 452243949 prime?
False
Is 11170787251 composite?
True
Is 70333668463 a prime number?
True
Is 46201144271 a composite number?
False
Is 6785843347 prime?
False
Is 104818027 prime?
False
Is 18217560623 composite?
True
Is 1583833073 a composite number?
False
Is 1526904367 a composite number?
False
Is 12040237393 composite?
False
Is 41747655161 prime?
True
Is 1157199067 prime?
True
Is 76279961 a prime number?
False
Is 640726129 composite?
False
Is 23445028529 a composite number?
True
Is 3822585973 a composite number?
False
Is 547058371 prime?
True
Is 22857028543 composite?
False
Is 5453847901 composite?
False
Is 284246597543 a prime number?
True
Is 87210829153 composite?
True
Is 1851799979 composite?
True
Is 178526338957 prime?
False
Is 155656681 prime?
True
Is 418739177 a prime number?
False
Is 2313545777 a prime number?
False
Is 198393889 composite?
True
Is 1120956203 composite?
True
Is 63838693 composite?
False
Is 779486401 a composite number?
False
Is 7293455593 composite?
False
Is 32703731782 a composite number?
True
Is 3265465243 prime?
True
Is 1863891359 composite?
True
Is 1440150823 a composite number?
False
Is 1890468197 a composite number?
True
Is 591528911 prime?
False
Is 6873072667 a prime number?
True
Is 3049049021 a composite number?
False
Is 7703426707 a prime number?
False
Is 385965169 composite?
True
Is 51765229603 prime?
True
Is 898420387 composite?
False
Is 365616301 prime?
False
Is 534378899 a prime number?
False
Is 32292662071 composite?
False
Is 27908123231 prime?
False
Is 6967421 a prime number?
False
Is 5222086591 composite?
False
Is 5894429473 a prime number?
False
Is 716258141 prime?
True
Is 2553953597 prime?
False
Is 3756193349 a prime number?
True
Is 235543409701 prime?
False
Is 56008152517 composite?
False
Is 9809004851 a prime number?
True
Is 11103211181 composite?
False
Is 474581873 composite?
True
Is 6860380837 composite?
True
Is 594793783 a composite number?
False
Is 26188871251 a prime number?
True
Is 349295161 a composite number?
False
Is 15928284661 a composite number?
True
Is 12758830249 prime?
False
Is 5655791881 prime?
False
Is 63843216289 a composite number?
False
Is 12794402219 composite?
False
Is 463677959 a composite number?
True
Is 199057193 composite?
False
Is 14870398553 composite?
True
Is 790479647 a composite number?
True
Is 6331363039 a prime number?
True
Is 1835243689 a prime number?
True
Is 16795367 composite?
True
Is 1928893079 a composite number?
False
Is 40846441709 a prime number?
False
Is 667547954 prime?
False
Is 218206502929 a prime number?
True
Is 10968546653 prime?
False
Is 8860160207 a prime number?
False
Is 15741653519 prime?
True
Is 20264588623 a prime number?
False
Is 1464507809 a composite number?
False
Is 1641296291 a prime number?
False
Is 963818411 a prime number?
False
Is 62087245543 prime?
True
Is 30218823931 a prime number?
False
Is 382338883 prime?
True
Is 231291913 prime?
False
Is 1430974465 a composite number?
True
Is 12342638719 a composite number?
False
Is 41290172881 a prime number?
True
Is 7385452379 a prime number?
False
Is 368416649 a composite number?
True
Is 6128447383 prime?
True
Is 28355642083 a composite number?
False
Is 5171999069 prime?
True
Is 3855665909 a prime number?
False
Is 3416480533 a composite number?
True
Is 52597211419 a prime number?
True
Is 31742638349 composite?
False
Is 7648447421 a composite number?
False
Is 7776154739 a prime number?
False
Is 766630649 prime?
True
Is 91549300547 a composite number?
True
Is 982505867 composite?
True
Is 5569379 prime?
True
Is 3282794681 prime?
True
Is 343417279 prime?
True
Is 5552109257 a prime number?
True
Is 62574106183 a prime number?
False
Is 8386113959 prime?
True
Is 104308175929 composite?
False
Is 5286383983 prime?
True
Is 2351502961 a composite number?
True
Is 62254327111 a prime number?
True
Is 155624462197 prime?
True
Is 310099303 prime?
True
Is 2719236817 prime?
False
Is 2647987399 a prime number?
False
Is 2054335489 prime?
False
Is 25799383433 prime?
False
Is 41371123 a composite number?
True
Is 72799820737 a prime number?
False
Is 6422142865 prime?
False
Is 5227769753 composite?
True
Is 3270238978 a prime number?
False
Is 391355243 a composite number?
False
Is 1720830883 composite?
False
Is 71573700463 a composite number?
False
Is 14883197129 prime?
True
Is 181226827 a prime number?
False
Is 5251879063 prime?
False
Is 2388840577 a composite number?
True
Is 23585283749 a prime number?
True
Is 67655558837 prime?
True
Is 2345931199 prime?
True
Is 62751793537 a prime number?
True
Is 9307138213 composite?
True
Is 40438496213 a composite number?
False
Is 210071723 composite?
False
Is 7593300305 composite?
True
Is 4806487457 composite?
True
Is 740841469 a composite number?
True
Is 1037896319 composite?
False
Is 6890439557 composite?
False
Is 34935125387 a composite number?
True
Is 29676640729 a prime number?
False
Is 278253271 composite?
True
Is 428820263 a prime number?
True
Is 42021369227 a composite number?
True
Is 11581225171 a composite number?
False
Is 823344451 a prime number?
True
Is 6056482277 a composite number?
False
Is 184676643461 prime?
True
Is 5825880707 prime?
True
Is 33604435 composite?
True
Is 8481355459 a composite number?
True
Is 381110711 prime?
True
Is 13839308831 composite?
True
Is 1126715147 prime?
True
Is 1800544441 a composite number?
False
Is 830069369 composite?
False
Is 134063467 prime?
True
Is 114995915 composite?
True
Is 1917015553 composite?
False
Is 21088158341 composite?
True
Is 691256417 a prime number?
True
Is 332971487 a composite number?
False
Is 378030407 composite?
False
Is 5370603101 a composite number?
False
Is 2512085129 composite?
True
Is 17577690491 a composite number?
False
Is 10233559153 a prime number?
False
Is 79612541 composite?
False
Is 47421709 composite?
True
Is 1451945647 prime?
True
Is 945771929 prime?
False
Is 147835747997 prime?
False
Is 1225766687 composite?
False
Is 2355363979 a prime number?
True
Is 88144727347 prime?
False
Is 98964327929 a composite number?
True
Is 39635984191 a composite number?
False
Is 15834732181 a prime number?
False
Is 10211263813 a prime number?
True
Is 136382501 prime?
True
Is 1121832753 a prime number?
False
Is 713527109 a prime number?
False
Is 14787765593 composite?
False
Is 784316831 prime?
True
Is 7912260835 a prime number?
False
Is 11654300701 prime?
True
Is 715463341 a composite number?
False
Is 36079180273 a prime number?
False
Is 4826264818 a composite number?
True
Is 20586095027 a prime number?
True
Is 35969183513 composite?
False
Is 14540295433 a prime number?
False
Is 83955931 a prime number?
False
Is 125584241 a prime number?
False
Is 11101841327 composite?
True
Is 683791411 a prime number?
True
Is 3275582929 composite?
False
Is 10435998847 composite?
False
Is 3453100447 composite?
True
Is 28849050661 a composite number?
False
Is 25188984707 composite?
False
Is 7189381499 prime?
True
Is 72057199 prime?
False
Is 1736099009 composite?
False
Is 11440737817 a prime number?
True
Is 11642033171 prime?
False
Is 229813601 composite?
False
Is 18414936331 a composite number?
True
Is 1227818939 a composite number?
True
Is 11378359501 prime?
True
Is 8466434657 a composite number?
True
Is 789402539 a prime number?
True
Is 2036296757 a composite number?
True
Is 9014719913 prime?
True
Is 22347674579 composite?
False
Is 11956547983 a prime number?
False
Is 3057318457 a composite number?
False
Is 4723268261 a composite number?
False
Is 12168622